31390?
0
What is the units digit of 3062?
2
What is the hundreds digit of 4925?
9
What is the thousands digit of 149591?
9
What is the hundreds digit of 3469?
4
What is the thousands digit of 12581?
2
What is the tens digit of 14843?
4
What is the units digit of 2143?
3
What is the units digit of 137239?
9
What is the units digit of 51442?
2
What is the tens digit of 3989?
8
What is the tens digit of 6887?
8
What is the ten thousands digit of 124373?
2
What is the hundreds digit of 307?
3
What is the ten thousands digit of 107364?
0
What is the units digit of 2345?
5
What is the ten thousands digit of 73555?
7
What is the tens digit of 150658?
5
What is the tens digit of 18530?
3
What is the tens digit of 45785?
8
What is the ten thousands digit of 80928?
8
What is the units digit of 3592?
2
What is the hundreds digit of 52222?
2
What is the tens digit of 72606?
0
What is the hundreds digit of 25236?
2
What is the tens digit of 4056?
5
What is the tens digit of 9421?
2
What is the tens digit of 175823?
2
What is the hundreds digit of 5393?
3
What is the units digit of 2535?
5
What is the hundreds digit of 5438?
4
What is the thousands digit of 10277?
0
What is the hundreds digit of 2946?
9
What is the tens digit of 1628?
2
What is the thousands digit of 10429?
0
What is the hundreds digit of 1628?
6
What is the units digit of 650?
0
What is the tens digit of 73392?
9
What is the thousands digit of 68054?
8
What is the ten thousands digit of 25984?
2
What is the hundreds digit of 2724?
7
What is the hundreds digit of 16247?
2
What is the tens digit of 1315?
1
What is the hundreds digit of 54666?
6
What is the units digit of 1982?
2
What is the units digit of 4663?
3
What is the tens digit of 516?
1
What is the ten thousands digit of 81648?
8
What is the tens digit of 863?
6
What is the hundreds digit of 6842?
8
What is the ten thousands digit of 10350?
1
What is the tens digit of 2844?
4
What is the units digit of 741?
1
What is the thousands digit of 50765?
0
What is the ten thousands digit of 161588?
6
What is the ten thousands digit of 18504?
1
What is the tens digit of 8843?
4
What is the tens digit of 2047?
4
What is the thousands digit of 1054?
1
What is the tens digit of 1003?
0
What is the units digit of 73434?
4
What is the hundreds digit of 204?
2
What is the ten thousands digit of 12561?
1
What is the thousands digit of 1805?
1
What is the thousands digit of 9975?
9
What is the hundreds digit of 80723?
7
What is the thousands digit of 5683?
5
What is the hundreds digit of 3015?
0
What is the hundreds digit of 1010?
0
What is the units digit of 11591?
1
What is the units digit of 10240?
0
What is the tens digit of 818?
1
What is the units digit of 1872?
2
What is the thousands digit of 8548?
8
What is the hundreds digit of 134776?
7
What is the tens digit of 10358?
5
What is the units digit of 83353?
3
What is the hundreds digit of 49117?
1
What is the ten thousands digit of 25588?
2
What is the hundreds digit of 38320?
3
What is the thousands digit of 37388?
7
What is the tens digit of 20717?
1
What is the tens digit of 2282?
8
What is the thousands digit of 68294?
8
What is the units digit of 2349?
9
What is the units digit of 9720?
0
What is the tens digit of 26469?
6
What is the thousands digit of 59929?
9
What is the units digit of 76290?
0
What is the hundreds digit of 949?
9
What is the tens digit of 1222?
2
What is the hundreds digit of 2573?
5
What is the units digit of 3000?
0
What is the ten thousands digit of 101760?
0
What is the units digit of 326?
6
What is the hundreds digit of 63393?
3
What is the thousands digit of 2212?
2
What is the tens digit of 4022?
2
What is the units digit of 684?
4
What is the tens digit of 1117?
1
What is the units digit of 3743?
3
What is the tens digit of 48546?
4
What is the units digit of 734?
4
What is the thousands digit of 4858?
4
What is the ten thousands digit of 12358?
1
What is the hundreds digit of 5743?
7
What is the thousands digit of 21159?
1
What is the tens digit of 1585?
8
What is the units digit of 735?
5
What is the tens digit of 19705?
0
What is the ten thousands digit of 107227?
0
What is the thousands digit of 2332?
2
What is the tens digit of 1716?
1
What is the tens digit of 5360?
6
What is the units digit of 3780?
0
What is the hundreds digit of 21550?
5
What is the hundreds digit of 3737?
7
What is the tens digit of 57024?
2
What is the tens digit of 13?
1
What is the hundreds digit of 25878?
8
What is the tens digit of 42163?
6
What is the ten thousands digit of 17281?
1
What is the hundreds digit of 3662?
6
What is the thousands digit of 2125?
2
What is the tens digit of 7498?
9
What is the tens digit of 1142?
4
What is the hundreds digit of 255?
2
What is the hundreds digit of 356?
3
What is the tens digit of 1886?
8
What is the units digit of 39547?
7
What is the thousands digit of 150229?
0
What is the units digit of 106357?
7
What is the tens digit of 906?
0
What is the thousands digit of 10361?
0
What is the units digit of 5786?
6
What is the units digit of 97322?
2
What is the tens digit of 1997?
9
What is the thousands digit of 1024?
1
What is the ten thousands digit of 30580?
3
What is the thousands digit of 42127?
2
What is the hundreds digit of 330?
3
What is the tens digit of 20579?
7
What is the thousands digit of 2333?
2
What is the tens digit of 954?
5
What is the units digit of 1807?
7
What is the tens digit of 6966?
6
What is the tens digit of 1470?
7
What is the tens digit of 1793?
9
What is the tens digit of 597?
9
What is the units digit of 1431?
1
What is the units digit of 15864?
4
What is the tens digit of 4780?
8
What is the units digit of 1704?
4
What is the hundreds digit of 140291?
2
What is the units digit of 26937?
7
What is the thousands digit of 2516?
2
What is the ten thousands digit of 61161?
6
What is the tens digit of 7617?
1
What is the tens digit of 4151?
5
What is the hundreds digit of 33420?
4
What is the ten thousands digit of 20459?
2
What is the hundreds digit of 15748?
7
What is the thousands digit of 9837?
9
What is the tens digit of 5510?
1
What is the tens digit of 3174?
7
What is the ten thousands digit of 56576?
5
What is the tens digit of 2754?
5
What is the tens digit of 98149?
4
What is the hundreds digit of 106?
1
What is the tens digit of 75?
7
What is the units digit of 962?
2
What is the hundreds digit of 5101?
1
What is the units digit of 115782?
2
What is the thousands digit of 1060?
1
What is the hundreds digit of 842?
8
What is the ten thousands digit of 19138?
1
What is the units digit of 50395?
5
What is the hundreds digit of 3267?
2
What is the thousands digit of 10605?
0
What is the hundreds digit of 41408?
4
What is the thousands digit of 2749?
2
What is the tens digit of 3447?
4
What is the units digit of 5359?
9
What is the hundreds digit of 5927?
9
What is the tens digit of 324?
2
What is the thousands digit of 13961?
3
What is the tens digit of 2753?
5
What is the thousands digit of 17575?
7
What is the ten thousands digit of 29280?
2
What is the hundreds digit of 14488?
4
What is the units digit of 7772?
2
What is the hundreds digit of 3311?
3
What is the tens digit of 2866?
6
What is the ten thousands digit of 57156?
5
What is the hundreds digit of 107008?
0
What is the tens digit of 912?
1
What is the tens digit of 5611?
1
What is the tens digit of 1060?
6
What is the hundreds digit of 3995?
9
What is the units digit of 311?
1
What is the tens digit of 673?
7
What is the tens digit of 18585?
8
What is the tens digit of 41722?
2
What is the units digit of 5810?
0
What is the tens digit of 212?
1
What is the ten thousands digit of 18674?
1
What is the hundreds digit of 954?
9
What is the thousands digit of 45746?
5
What is the units digit of 2675?
5
What is the tens digit of 791?
9
What is the ten thousands digit of 51358?
5
What is the hundreds digit of 2068?
0
What is the thousands digit of 1206?
1
What is the hundreds digit of 843?
8
What is the units digit of 426?
6
What is the thousands digit of 9907?
9
What is the tens digit of 1882?
8
What is the thousands digit of 6588?
6
What is the thousands digit of 1126?
1
What is the thousands digit of 54645?
4
What is the hundreds digit of 3287